 1 + 94?
95
In base 10, what is -2076 + 6?
-2070
In base 3, what is -1110200 + 10?
-1110120
In base 10, what is -39 - -9?
-30
In base 10, what is 37 + 70?
107
In base 6, what is 1143 + 2?
1145
In base 16, what is -7f - 2?
-81
In base 13, what is -3b99 - -5?
-3b94
In base 14, what is -10 - 5?
-15
In base 9, what is 1238 - 1?
1237
In base 12, what is -b90 + 0?
-b90
In base 2, what is 100011 + 1100100?
10000111
In base 4, what is 0 + -230?
-230
In base 5, what is 32 + 30431?
31013
In base 8, what is -10 + 2?
-6
In base 6, what is 112 + -442?
-330
In base 15, what is -4ed + 0?
-4ed
In base 7, what is -1044 + 3?
-1041
In base 3, what is -1112 - 101?
-1220
In base 10, what is 1 + -33?
-32
In base 9, what is 0 + -51?
-51
In base 4, what is 30 + 1131?
1221
In base 9, what is 16 - -17?
34
In base 12, what is -179 + 4?
-175
In base 8, what is 21 + -17?
2
In base 13, what is -2b - 4?
-32
In base 14, what is -8 + -92?
-9a
In base 8, what is -3 + 60?
55
In base 13, what is 5 + -32?
-2a
In base 15, what is -2 + 41?
3e
In base 13, what is -8 + -40?
-48
In base 12, what is 7 + -109?
-102
In base 3, what is -11101 + 1?
-11100
In base 11, what is -1a93 - 3?
-1a96
In base 5, what is 1 - -100?
101
In base 12, what is 2 - -926?
928
In base 11, what is 3 - -133?
136
In base 3, what is 10212 + -1012?
2200
In base 4, what is 13211 + 21?
13232
In base 15, what is -a03 + 2?
-a01
In base 9, what is -256 + 11?
-245
In base 8, what is 150 + -5?
143
In base 5, what is 1 + -10?
-4
In base 11, what is -4 - 2566?
-256a
In base 10, what is -34 + -4?
-38
In base 8, what is 0 - 113?
-113
In base 10, what is -3 + 133?
130
In base 6, what is 5 - 14122?
-14113
In base 15, what is 8 + 4e9?
502
In base 5, what is -324012 - -1?
-324011
In base 10, what is -39 - -3?
-36
In base 8, what is 62 - 67?
-5
In base 13, what is 80 - -c?
8c
In base 10, what is -15 - 425?
-440
In base 9, what is -3 - -32?
28
In base 10, what is -739 - 5?
-744
In base 7, what is -6 - 1516?
-1525
In base 6, what is 10130 - -10?
10140
In base 12, what is 0 + 1?
1
In base 5, what is 11 - 2041?
-2030
In base 3, what is 12 - -2001222?
2002011
In base 14, what is 2 + -53?
-51
In base 6, what is -4 - -13151?
13143
In base 4, what is 2123011 + 11?
2123022
In base 15, what is 1d + 47?
65
In base 15, what is -2 - -57c?
57a
In base 12, what is 1 + -53?
-52
In base 2, what is 100001011110 + -101?
100001011001
In base 12, what is 7 + -37?
-30
In base 13, what is -33 + a?
-26
In base 6, what is -1 + 3005?
3004
In base 9, what is -101 + 42?
-48
In base 12, what is 141 + -1?
140
In base 11, what is -173 + 58?
-116
In base 3, what is 2101 + 202?
10010
In base 12, what is 68 - -2?
6a
In base 14, what is 12 + -13b?
-129
In base 4, what is 0 - -311?
311
In base 14, what is -21a - 4?
-220
In base 7, what is -10203 - 5?
-10211
In base 13, what is -92 - 3?
-95
In base 3, what is -10 - -1111121?
1111111
In base 6, what is 3 - -133?
140
In base 4, what is -1021 + 2?
-1013
In base 10, what is -2 - 120?
-122
In base 6, what is 20400 + 0?
20400
In base 8, what is 14 - -4611?
4625
In base 7, what is -125 - 5?
-133
In base 9, what is 226 + -164?
52
In base 16, what is -4849 + -5?
-484e
In base 7, what is 52 - 1?
51
In base 11, what is -11 + 6?
-6
In base 6, what is 20410 + -1?
20405
In base 5, what is -1 + 141042?
141041
In base 2, what is 1000 + 111?
1111
In base 8, what is -5 - -3?
-2
In base 6, what is 1 + 10022?
10023
In base 13, what is -2a + 3a?
10
In base 4, what is -223 + -3223?
-10112
In base 6, what is -2 + 4403?
4401
In base 3, what is 210012112 + 11?
210012200
In base 4, what is 1012 - -11?
1023
In base 6, what is -55 - -3?
-52
In base 11, what is -7 + -9?
-15
In base 10, what is -3 - -1093?
1090
In base 12, what is -4 + 44?
40
In base 6, what is 23 + 24?
51
In base 11, what is 3 + 23a?
242
In base 16, what is 4 - 1578?
-1574
In base 10, what is 7 + -3467?
-3460
In base 4, what is 1133 + -20?
1113
In base 7, what is -12216 - 6?
-12225
In base 13, what is 270 - -3?
273
In base 15, what is -1 + 1680?
167e
In base 14, what is 4 - 528?
-524
In base 10, what is 16 - 8?
8
In base 4, what is -210 + -3?
-213
In base 2, what is -10001 - -11110?
1101
In base 9, what is 14 - -153?
167
In base 12, what is -6 + 3?
-3
In base 9, what is -4 + -1003?
-1007
In base 2, what is 10101100 + 0?
10101100
In base 2, what is -1101101 + 1001?
-1100100
In base 16, what is -81 + 2?
-7f
In base 11, what is -390 - 4?
-394
In base 12, what is -5 + -23?
-28
In base 7, what is 2 + -222?
-220
In base 8, what is 5 - 775?
-770
In base 9, what is -4 + 2437?
2433
In base 13, what is -2 + 61c?
61a
In base 12, what is -26 - 69?
-93
In base 14, what is d38 + -5?
d33
In base 12, what is -2a9b4 + -3?
-2a9b7
In base 4, what is 31 - -13?
110
In base 10, what is 26 + -22?
4
In base 16, what is -2ae - -3?
-2ab
In base 3, what is 22120 + -112?
22001
In base 15, what is 23 + 4?
27
In base 2, what is -110101 - -1?
-110100
In base 10, what is 8 - 97?
-89
In base 6, what is 151 + 5?
200
In base 12, what is 5 + 261?
266
In base 14, what is 2 + -2c3?
-2c1
In base 9, what is -186 + -2?
-188
In base 12, what is 3 - 404?
-401
In base 7, what is -5 - 154?
-162
In base 8, what is 1001 - 1?
1000
In base 15, what is 2 - -34?
36
In base 3, what is -1011002211 + -10?
-1011002221
In base 3, what is -12 - -1201201?
1201112
In base 3, what is -10111012 + 102?
-10110210
In base 10, what is 963 + 0?
963
In base 14, what is 3 + -29b?
-298
In base 8, what is 5411 + 1?
5412
In base 13, what is -2 - -340?
33b
In base 14, what is 5 + -923?
-91c
In base 6, what is 0 + -204?
-204
In base 9, what is 22 - -4?
26
In base 13, what is -8 - -18a?
182
In base 10, what is 0 + 173?
173
In base 9, what is -3 - 52?
-55
In base 3, what is 220 - 1022?
-102
In base 12, what is -a - -a?
0
In base 8, what is 1 + -3153?
-3152
In base 7, what is 4615 - 1?
4614
In base 12, what is -1 + -342?
-343
In base 5, what is -3430 + 14?
-3411
In base 3, what is -10 + -2102?
-2112
In base 2, what is -110000101 + -100?
-110001001
In base 6, what is 4 - 21102?
-21054
In base 8, what is 42 - 1?
41
In base 12, what is 31 - -3?
34
In base 2, what is -10011 + 1010010?
111111
In base 14, what is 5 - -14?
19
In base 9, what is -376 - 3?
-380
In base 9, what is 14 + -85?
-71
In base 12, what is -209a - 3?
-20a1
In base 5, what is 200 + -4?
141
In base 12, what is 426 + 3?
429
In base 7, what is -16221 - -5?
-16213
In base 7, what is -33 + 54?
21
In base 13, what is 3 + 72?
75
In base 8, what is -2271 + -1?
-2272
In base 15, what is -b + d?
2
In base 5, what is 1341 + -1?
1340
In base 6, what is 4 + -1254?
-1250
In base 16, what is 3 + 46?
49
In base 15, what is 8 + 5d?
66
In base 8, what is -5 + 24?
17
In base 11, what is -4 - -107?
103
In base 16, what is -4 - 15?
-19
In base 16, what is 1d3 + 3?
1d6
In base 8, what is 220 + 64?
304
In base 13, what is -5 + -218?
-220
In base 15, what is -d0a + 5?
-d05
In base 16, what is -17 - 7a?
-91
In base 8, what is -16060 - -1?
-16057
In base 16, what is 1ba + -2?
1b8
In base 7, what is 2645 - -5?
2653
In base 14, what is -36 - 3?
-39
In base 7, what is 2 + 6052?
6054
In base 7, what is 1 + -216?
-215
In base 10, what is 29 + 14?
43
In base 7, what is -323 + -34?
-360
In base 4, what is 11100 - 3?
11031
In base 4, what is 130322 - 2?
130320
In base 11, what is 4 + 1a60?
1a64
In base 10, what is 165 + -23?
142
In base 2, what is 1010010 + -1?
1010001
In base 12, what is -5 + -43?
-48
In base 13, what is -3ac - -5?
-3a7
In base 6, what is 3 + -110?
-103
In base 9, what is 55 - -2?
57
In base 12, what is 11 + 93?
a4
In base 6, what is -30434 + 0?
-30434
In base 10, what is 317 - -5?
322
In base 7, what is -1406 - -4?
-1402
In base 11, what is 15 - -54?
69
In base 14, what is 44 - -4?
48
In base 13, what is -3 + -4?
-7
In base 8, what is 220 - -2?
222
In base 13, what is -12 + 149?
137
In base 13, what is 9 + c5?
101
In base 6, what is -2042 - 3?
-2045
In base 12, what is -1 + -9b1?
-9b2
In base 5, what is -14124 - 1?
-14130
In base 10, what is 0 - 446?
-446
In base 8, what is 132 - -2?
134
In base 15, what is -7 + -4c?
-54
In base 10, what is 84 + 157?
241
In base 16, what is 51e - -1?
51f
In base 16, what is -85 + -c2?
-147
In base 5, what is 14 + -21232?
-21213
In base 3, what is 11212 - 1202?
1001